 + h(r). Let z(q) = -q**2 + 3*q - 6. Let m be z(3). Give b(m).
-2
Suppose -d - 3*x = 38, -x + 3*x - 44 = 2*d. Let s be ((-4)/(-7))/(d/(-455)). Suppose -5*q - s = -v + 1, q + 7 = -v. Let c(l) = 5*l + 3. Determine c(q).
-12
Let s be 33/(-6)*(39 + -41). Let a(k) = k**3 - 12*k**2 + 6*k + 8. Give a(s).
-47
Let n(l) = -2*l**2 - 4*l. Let r(c) = -c**3 - c**2 - 3*c. Let z(s) = 2*n(s) - 3*r(s). Suppose 2*a = -4*v - 8, 0 = 2*a + v - 1 - 0. Determine z(a).
22
Suppose 5*j = -3*l + 16, l + 0*l = j. Let a(t) = 4*t + 3 - 12 + t**3 - j*t**3 + 5 + 2*t**2. Suppose 3*b = -0*v - 3*v, -6 = v + 3*b. What is a(v)?
-1
Let j(a) be the third derivative of a**6/120 - a**5/30 - 7*a**4/24 + 5*a**3/6 - a**2 - 15*a. Let x(t) = -t - 2. Let c be x(-6). Determine j(c).
9
Let w(b) = 6*b - 9. Let o(i) = -i. Let v(g) = -5*o(g) - w(g). Let n = 248 + -242. Calculate v(n).
3
Suppose -113 = 5*q - 123. Let n be (q/6)/((-9)/135). Let h(z) = -z**2 - 5*z + 4. Determine h(n).
4
Let r be (6 - (-6 - -9)) + (-2 - -1). Let k = -5 + r. Let d(p) = -p**3 - 3*p**2 + 3*p - 4. Determine d(k).
-13
Let j(m) = m**2 - 2*m - 6. Let f(h) = -h - 7. Let p be f(-5). Let y be (-1)/(p + 7/3). Let r(v) = -v**2 + 3*v + 7. Let s(w) = y*j(w) - 2*r(w). Calculate s(-3).
-5
Let k(z) be the third derivative of z**2 + 1/6*z**3 + 0*z + 0 - 1/8*z**4. Let b be (85/765)/(3/54). What is k(b)?
-5
Suppose 214 + 1066 = 10*x. Let o(n) = -1 + 119*n + 0 - x*n - 7 - n**2. Calculate o(-7).
6
Let l(r) = 3*r + 2. Let z be (-2)/(((-13)/(-26))/(6/4)). What is l(z)?
-16
Let t(x) = -175*x - 1 + 177*x + 2 + x**2. Let u be (-3)/9 - (-16)/(-6). Determine t(u).
4
Let x = -678 - -679. Let j(f) = -f + 2*f**2 - 3*f**2 - 2*f**2 + 0*f**2. Calculate j(x).
-4
Let g(s) = -2*s + 14. Let y = -94 + 104. What is g(y)?
-6
Let y = -8 + 10. Suppose 0 = 4*m - 2*t + 10, -3*t - 5 + y = 0. Let k(h) = 3 - 2 - 5 - h**2 - h. What is k(m)?
-10
Let z(d) = 2*d**3 - 16*d**2 + 5*d + 16. Let b(v) = -v**3 - v + 1. Let t(c) = 3*b(c) + z(c). Give t(-16).
-13
Let o(a) = a**2 - 10*a + 9. Let l(n) = 4*n**2 - 22*n + 2. Let d be l(6). Suppose 0 = -d*z + 16*z - 16. Calculate o(z).
-7
Let v = -64 + 92. Suppose -2*a = 5*f + 17 - 0, 5*a - 2*f = -v. Let x(b) = -2*b - 6. Calculate x(a).
6
Let f(s) = s**2 - 2. Let w = -1 + -7. Let p(j) = -j**3 - 7*j**2 + 10*j + 14. Let m be p(w). Determine f(m).
2
Let t(j) = j + 3. Let q = -32 + 36. Suppose -7*k = -4*l - 3*k + 4, 7 = 3*l - q*k. Give t(l).
0
Let t(b) = -7*b**2 + 4*b - b**3 + 2*b - 7*b + 3. Give t(-7).
10
Let d(l) = -l**2 + 6*l - 3. Let o be d(4). Let x(v) = 1 + 7*v - 5*v**2 + 2*v**2 + 140*v**3 - 139*v**3 - 2*v - 4*v**2. Calculate x(o).
-24
Let k(z) = 50*z - 32. Let h(m) = 18*m - 11. Let t(y) = 11*h(y) - 4*k(y). What is t(-11)?
29
Suppose -2*c - 3 + 9 = 0. Let z(y) be the first derivative of y**4/2 - 2*y**3/3 - 3*y**2/2 - 3*y + 4540. Give z(c).
24
Let w(b) = b**2 - 4*b - 7. Let y(v) = 2*v**2 - 5*v - 9. Let u(l) = -3*w(l) + 2*y(l). Determine u(-4).
11
Let z = -115 - -117. Suppose -z*i - 3*i - 10 = 0. Let p(v) = -11*v**2 - 13*v + 1. Let l(q) = 5*q**2 + 6*q. Let b(u) = 7*l(u) + 3*p(u). Give b(i).
5
Let i = 106 - 103. Let y(r) be the third derivative of -r**5/60 + r**4/8 - r**3/2 - 4*r**2. Determine y(i).
-3
Suppose 5*c = -4*k + 3*k + 6, 2*k - 2 = 0. Let b(r) = 5*r - 13. Let d(f) = -f. Let h(q) = c*b(q) + 4*d(q). Calculate h(0).
-13
Suppose 0 = -2*a - 4, 14*a = -5*y + 9*a + 5. Let o(u) be the second derivative of y*u + 0 + 1/2*u**3 - u**2 + 1/12*u**4. Determine o(-4).
2
Let r(w) = -2*w - 3. Let h(b) = b + 2. Let v(s) = 3*h(s) + 2*r(s). Let f(j) = -8*j - 2. Let z(p) = -f(p) + 10*v(p). Calculate z(3).
-4
Let a(f) = -f**2 + 2. Let i(n) = n. Let b(q) = -a(q) + 3*i(q). Let z(g) be the second derivative of -g**3/3 + 3*g**2/2 - 18*g. Let p be z(3). What is b(p)?
-2
Let r(d) = -d**3 - 5*d**2 + 4. Let c(a) = a**3 - 4*a**2 - 3*a - 8. Let s be c(6). Suppose 5*h + i = -s, 35 + 2 = -4*h - i. Let x = 4 + h. Calculate r(x).
4
Suppose -a - 4*a + 2*m + 22 = 0, -17 = -4*a + m. Suppose -a = -18*z + 14*z. Let v(l) = 2*l**2 + z - l - 4*l - 3*l**2. Calculate v(-3).
7
Let w(h) = h**2 - h + 1. Let j(k) be the first derivative of 2*k**3/3 - 4*k**2 + 2*k - 9. Let c(b) = -j(b) + 3*w(b). Give c(-5).
1
Let j be 2 - 3 - (-1 + 1). Suppose w - 2*w + 44 = 0. Let q(h) = 2 - 45*h + w*h - h**2 - 1. Give q(j).
1
Let q be 9/2*2/(-3). Let s(b) = -5*b**3 - 6*b**2 - 6*b + 14. Let p(h) = -2*h**3 - 2*h**2 - 2*h + 5. Let r(a) = q*s(a) + 8*p(a). Give r(3).
-5
Let f(l) = l**2 + 14*l + 43. Suppose 4*y = 5*q + 67, -4*q = 4*y + y + 29. Let s be f(q). Let v(n) = -n**2 + 8*n + 5. What is v(s)?
-15
Let q be (-2)/3*90/20. Let x be (q + 1)*4/(-2). Suppose -j + 3*p - 5 = 0, -2*p - x = -3*j + 2. Let u(w) = w**3 - 5*w**2 + 2*w + 2. Calculate u(j).
-6
Let s(u) = -u + 11. Let c = -197 + 202. Determine s(c).
6
Let x(i) = -5*i - i**2 - i + 5*i - 3*i + 2*i + 10. Determine x(-5).
-5
Let k(o) = o**3 - 5*o**2 - o + 4. Let l be k(5). Let n = l - -6. Suppose 2*z + n = 3*z. Let x(j) = -j**2 + 5*j - 4. Give x(z).
-4
Let w = 11 - 1. Let t(j) = j**2 + 6*j + 7. Let v be t(-3). Let h be w/v + -2*1. Let u(o) = -o**2 - 8*o - 2. Give u(h).
5
Suppose 4*a - 4*j = -20, -1115*j + 1118*j + 9 = 0. Let u(w) = 9 - w - 2 + 2*w. Determine u(a).
-1
Let d(x) be the third derivative of -x**6/120 + x**5/60 + x**4/12 - 7*x**3/6 - 97*x**2 - 2*x. Calculate d(3).
-19
Let q(d) = -d**3 - 217 + 3*d - 21*d**2 + 537 - 258. Calculate q(-21).
-1
Let t(f) be the second derivative of 0 - f + 0*f**2 + 7/360*f**6 + 2/3*f**3 + 0*f**5 - 1/24*f**4. Let i(z) be the second derivative of t(z). Give i(-1).
6
Let o(l) = 0*l + 8*l**2 + 42 - 25 + 2*l + l**3. Let a be o(-8). Let z(u) = u**2 + 2*u - 1. Calculate z(a).
2
Let n = 3 - 9. Let p(v) = 3*v**2 - 4*v**2 - 5*v + 7*v - 3*v - 4*v + 3. What is p(n)?
-3
Let i(h) = -8*h + 7*h + 3 + h**2 - 3*h - 2*h**2. Let z = -25 + 35. Let j = -15 + z. Give i(j).
-2
Let a(w) = 2*w**3 - 6*w**2 - 10*w - 4. Let g(p) = p**3 - 3*p**2 - 5*p - 2. Let y(x) = 4*a(x) - 7*g(x). Let n = 1312 - 1308. Calculate y(n).
-6
Let v be 7 - (4 + -3)*2. Let u(x) = -v*x**2 - 5*x + 3*x**2 - 7 + 2*x**2 + x**2. Suppose -5*h + 23 = 4*i - 6*h, 2*i - 9 = h. Determine u(i).
7
Let q(h) = -4*h - 10. Let o be 46/(-9) - (-18)/(140 - -22). Give q(o).
10
Let d(c) = 2*c**2 - 3*c - 5*c + 1 - 2*c + 0*c + 0. What is d(5)?
1
Let u(h) = -h**2 + h - 3. Let z(w) = w**2 - 1. Let y(m) = u(m) - 2*z(m). Suppose 13*p - t = 8*p, -2*t + 7 = -3*p. Determine y(p).
-3
Let o = -4139/60 + 69. Let y(g) be the third derivative of 0 - 1/24*g**4 + 0*g + 0*g**3 + 8*g**2 - o*g**5. Determine y(-1).
0
Let x(n) = -8*n. Let s be (-18)/(-6) + 4 + -6. Give x(s).
-8
Let s(u) = u**2 - 6*u - 12. Let b = 1583 + -1577. Calculate s(b).
-12
Let g(c) be the second derivative of -c**5/20 - 7*c**4/12 + c**3/2 - 3*c**2 - c - 14. Give g(-7).
-27
Suppose -12*v - 12 = -9*v. Let l = v + 6. Let d(b) = 0*b**2 + 2*b**2 - 3*b**l - 4 - 8*b. Calculate d(-3).
11
Let v(q) = 14*q. Let d(l) = 17*l - 1. Let s(t) = 4*d(t) - 5*v(t). Suppose 5*x = 4*u - 8, 5*u + 4*x - 6*x - 27 = 0. Suppose 5*n + 27 = u. Calculate s(n).
4
Let i(h) = 11*h**2 + 4*h - 4. Let s(o) = -10*o**2 - 3*o + 3. Let y(n) = -2*n - 29. Let l be y(-16). Let d(t) = l*s(t) + 2*i(t). Give d(1).
-8
Let l(f) = f**2 - f + 6. Suppose d + 10 = 3*d + h, d - 12 = 3*h. Suppose d*c - 4 + 4 = 0. What is l(c)?
6
Let f(b) = -b**3 - 5*b**2 + 11*b + 7. Let j be f(-7). Suppose -4 = 4*x - j. Let g(p) = 2*p - 9. What is g(x)?
3
Let x(g) = -1 + 2*g - 4*g + 0*g - g. Suppose w + 17 = 3*y, y - 2 = w + 3. Suppose 0*q + 3*q = y, 3*q - 5 = d. Determine x(d).
-4
Let z(n) = 3*n**3 - 8*n**2 + 3*n - 6. Let y(h) = -h**3 + h**2 + h. Let m(g) = 3*g**2 + 20*g + 13. Let w be m(-6). Let l(v) = w*z(v) + 2*y(v). Give l(5).
-6
Let w(a) = a**2 + 29*a + 137. Let o be w(-6). Let y(n) = -17*n**2 - n - 1. What is y(o)?
-17
Let y(d) = -3*d**3 - 2*d**2 - 3*d + 7. Let r(v) = 5*v**3 + 3*v**2 + 5*v - 11. Suppose 111*n - 112*n = -8. Let m(o) = n*y(o) + 5*r(o). Determine m(2).
7
Let b(o) = o**2 - 5. Let t(k) = 4*k**2 - k - 16. Let p(f) = -7*b(f) + 2*t(f). Let x be 5/((-5)/6)*-1. What is p(x)?
27
Let g(o) = -1 + 3*o**2 + 2 - 21*o + 19*o - 5. Determine g(-3).
29
Let q = -112 - -106. Let v(u) = 9*u - 5. Let d(m) = 5*m - 3. Let c(h) = 11*d(h) - 6*v(h). Determine c(q).
-9
Suppose 3*a = -2*s - 4, -9 